61633207 a prime number?
False
Is 7006788577 composite?
False
Is 1663684249 a composite number?
True
Is 1783190317 prime?
True
Is 2439330763 composite?
False
Is 1864901791 a prime number?
True
Is 134233753 a composite number?
True
Is 60112457467 a prime number?
False
Is 1482025681 a prime number?
False
Is 2186134541 a composite number?
False
Is 43705437701 a prime number?
True
Is 78795427 a composite number?
False
Is 940207517 composite?
True
Is 90744601 prime?
True
Is 172288778201 composite?
False
Is 636173803 a prime number?
True
Is 116568637129 a prime number?
False
Is 874576789 a prime number?
True
Is 29883117713 composite?
True
Is 623697541 a composite number?
True
Is 25779848593 a prime number?
False
Is 6091177511 prime?
False
Is 16904852297 a composite number?
False
Is 425205373 composite?
False
Is 14790163249 a prime number?
False
Is 106111517 prime?
True
Is 4608159601 a composite number?
True
Is 2241206207 prime?
True
Is 387833023 a composite number?
True
Is 3416456591 a composite number?
True
Is 883073641 composite?
True
Is 15636505637 a composite number?
True
Is 50108621 a prime number?
True
Is 619089389 a prime number?
True
Is 343776793 a composite number?
False
Is 1428825603 prime?
False
Is 8967746533 prime?
False
Is 3187512721 a prime number?
False
Is 6987475399 prime?
True
Is 941420947 a composite number?
True
Is 253123999341 prime?
False
Is 9815108887 a prime number?
True
Is 71570795357 prime?
True
Is 39566929 composite?
False
Is 1991709653 a composite number?
True
Is 11580493 composite?
False
Is 124978433 a prime number?
True
Is 57151609211 composite?
False
Is 396318641 composite?
True
Is 4039375393 a composite number?
True
Is 354166045 a prime number?
False
Is 1193963987 a prime number?
True
Is 1694004647 a composite number?
True
Is 2736709649 composite?
True
Is 9416926349 a prime number?
True
Is 333176549 a prime number?
True
Is 4286457173 a composite number?
False
Is 51473926355 composite?
True
Is 11084482037 a composite number?
False
Is 3518711459 a prime number?
False
Is 2672266417 a prime number?
True
Is 3018405449 a prime number?
True
Is 44352573857 a composite number?
True
Is 32301498541 a composite number?
True
Is 55550561149 composite?
False
Is 31497202949 composite?
False
Is 476792597 a composite number?
False
Is 164139467 a composite number?
True
Is 3060174353 composite?
False
Is 11400469849 composite?
True
Is 223429511 a prime number?
True
Is 2749121131 prime?
True
Is 2494886047 prime?
False
Is 21629572981 prime?
True
Is 72988891341 a composite number?
True
Is 3611504033 prime?
False
Is 748042481 a prime number?
True
Is 21192198257 composite?
False
Is 1890969863 a prime number?
False
Is 2084507897 composite?
False
Is 1315984763 composite?
False
Is 389408807 prime?
True
Is 2564644889 a prime number?
False
Is 11160400841 a composite number?
False
Is 16818634501 a prime number?
True
Is 7399231273 a composite number?
True
Is 561516941 composite?
False
Is 39887772823 a composite number?
False
Is 7463551423 a prime number?
False
Is 642547501 prime?
False
Is 1301917891 composite?
False
Is 1444980233 prime?
True
Is 16531995127 prime?
True
Is 146304637 composite?
True
Is 115658111533 a composite number?
True
Is 6428998201 a composite number?
False
Is 6771035053 a prime number?
True
Is 12715666991 a composite number?
False
Is 2346796607 a prime number?
True
Is 15125463917 composite?
True
Is 5308367822 composite?
True
Is 58261033 composite?
True
Is 28047941267 composite?
True
Is 79962232891 composite?
False
Is 8236806659 a composite number?
False
Is 53233993937 a prime number?
False
Is 2312023837 a prime number?
True
Is 8594033521 prime?
True
Is 48565564577 composite?
False
Is 27955490767 a composite number?
True
Is 65225910229 a composite number?
True
Is 110966213093 composite?
False
Is 112397087 composite?
True
Is 14619012379 a prime number?
True
Is 655229479 composite?
False
Is 381889793 prime?
False
Is 2332096813 a composite number?
False
Is 3144628358 a prime number?
False
Is 101504873 composite?
False
Is 26764598131 a composite number?
False
Is 884995721 composite?
True
Is 18048565663 a composite number?
False
Is 242535281 composite?
False
Is 31699154611 a prime number?
True
Is 12107897929 a prime number?
False
Is 4495935901 composite?
False
Is 34656866061 a prime number?
False
Is 43948635643 a composite number?
True
Is 145770011 a composite number?
True
Is 120566293 prime?
True
Is 20403440845 a prime number?
False
Is 6016451197 a composite number?
False
Is 18014117255 a prime number?
False
Is 7542193517 composite?
False
Is 2282178263 a prime number?
True
Is 15018748133 a prime number?
True
Is 21710225297 a prime number?
False
Is 985046879 composite?
True
Is 7323962777 prime?
True
Is 77324747 composite?
False
Is 103156223 prime?
True
Is 1590120361 a prime number?
True
Is 956766217 composite?
True
Is 24078705737 a composite number?
False
Is 1837106483 a composite number?
False
Is 725501599 prime?
True
Is 1070791909 composite?
True
Is 6169206781 prime?
False
Is 1849071871 a composite number?
True
Is 36695844851 a prime number?
False
Is 12759589109 composite?
False
Is 10222652819 prime?
False
Is 2476076807 composite?
False
Is 1823122283 a prime number?
True
Is 4852714543 composite?
False
Is 5818987247 a composite number?
False
Is 205157353 prime?
True
Is 17071554541 prime?
True
Is 11249650609 prime?
True
Is 2746644785 prime?
False
Is 16440875263 composite?
False
Is 294684494165 a prime number?
False
Is 170116567 a composite number?
False
Is 42188595421 a composite number?
True
Is 48154198517 a prime number?
True
Is 89327545303 prime?
False
Is 57225451729 a prime number?
False
Is 4124997769 a prime number?
True
Is 8169024001 a composite number?
False
Is 2284556413 composite?
True
Is 1716107051 a composite number?
False
Is 5059695763 a prime number?
False
Is 3058787137 a composite number?
True
Is 23904341621 composite?
True
Is 865725517 a prime number?
False
Is 459327061 a prime number?
False
Is 5213740729 composite?
False
Is 2288328169 composite?
False
Is 10357519943 composite?
True
Is 4212320321 a prime number?
False
Is 7287417043 a prime number?
True
Is 91778719 a composite number?
False
Is 71186226289 a composite number?
True
Is 5567111969 prime?
True
Is 142334671381 composite?
True
Is 1292259461 prime?
True
Is 2341174663 prime?
True
Is 64446534001 composite?
False
Is 610898627 a prime number?
True
Is 755634127 a composite number?
False
Is 186569533 prime?
True
Is 341536289 prime?
True
Is 10869671957 a prime number?
True
Is 811446599 a prime number?
False
Is 2835276607 prime?
True
Is 3503170039 a prime number?
False
Is 2988240935 a prime number?
False
Is 12434880737 composite?
True
Is 4935266461 a composite number?
False
Is 25252223669 composite?
True
Is 11867975983 a prime number?
True
Is 6255061757 a composite number?
True
Is 1530392131 a composite number?
False
Is 9367409 prime?
True
Is 3702705793 a prime number?
True
Is 4369273243 a composite number?
False
Is 3959685827 prime?
False
Is 6443466779 a composite number?
False
Is 130346106929 a composite number?
False
Is 4274504049 composite?
True
Is 734531663 a prime number?
False
Is 3023918321 composite?
False
Is 108276983 prime?
False
Is 6707887363 prime?
False
Is 517364677 a prime number?
True
Is 5633893 a prime number?
True
Is 2834607289 a composite number?
False
Is 3210924869 a composite number?
True
Is 1604687683 a prime number?
True
Is 5844525119 prime?
True
Is 6151502911 a composite number?
False
Is 4467802111 a prime number?
True
Is 29491938907 a composite number?
False
Is 36781038157 composite?
False
Is 2077138391 composite?
False
Is 159283075031 a prime number?
True
Is 382617751 a prime number?
True
Is 8281210121 a prime number?
True
Is 4547687033 composite?
False
Is 99395671 a composite number?
True
Is 132402927271 prime?
True
Is 582546827 a composite number?
False
Is 53455651 a composite number?
False
Is 2791327921 a prime number?
False
Is 200491547 composite?
False
Is 10374431959 a composite number?
False
Is 1098080996491 a composite number?
False
Is 13966717 composite?
False
Is 8515520661 a prime number?
False
Is 21998445083 a composite number?
True
Is 103514701 prime?
False
Is 405035751 a prime number?
False
Is 3253452923 a prime number?
False
Is 92